{"id":19,"date":"2021-11-02T05:52:54","date_gmt":"2021-11-02T05:52:54","guid":{"rendered":"https:\/\/wpocean.com\/wp\/plumco\/?page_id=19"},"modified":"2025-01-19T19:22:05","modified_gmt":"2025-01-19T19:22:05","slug":"contact","status":"publish","type":"page","link":"https:\/\/erbilisitma.com\/?page_id=19","title":{"rendered":"Bize Ula\u015f\u0131n"},"content":{"rendered":"\t\t<div data-elementor-type=\"wp-page\" data-elementor-id=\"19\" class=\"elementor elementor-19\">\n\t\t\t\t<div class=\"elementor-element elementor-element-2d92510 e-flex e-con-boxed e-con e-parent\" data-id=\"2d92510\" data-element_type=\"container\">\n\t\t\t\t\t<div class=\"e-con-inner\">\n\t\t<div class=\"elementor-element elementor-element-e17e343 e-con-full e-flex e-con e-child\" data-id=\"e17e343\" data-element_type=\"container\">\n\t\t<div class=\"elementor-element elementor-element-25de2e6 e-con-full e-flex e-con e-child\" data-id=\"25de2e6\" data-element_type=\"container\">\n\t\t\t\t<div class=\"elementor-element elementor-element-b59f34e elementor-widget elementor-widget-heading\" data-id=\"b59f34e\" data-element_type=\"widget\" data-widget_type=\"heading.default\">\n\t\t\t\t<div class=\"elementor-widget-container\">\n\t\t\t\t\t<h5 class=\"elementor-heading-title elementor-size-default\">Adres :  <br>\n\u00d6\u011eRETMENEVLER\u0130 MAH. ANADOLU CAD. H\u0130LAL APT. NO: 86 AC 1\nKonyaalt\u0131 \/ Antalya<\/h5>\t\t\t\t<\/div>\n\t\t\t\t<\/div>\n\t\t\t\t<\/div>\n\t\t<div class=\"elementor-element elementor-element-1677f47 e-con-full e-flex e-con e-child\" data-id=\"1677f47\" data-element_type=\"container\">\n\t\t\t\t<div class=\"elementor-element elementor-element-d994e60 elementor-widget elementor-widget-heading\" data-id=\"d994e60\" data-element_type=\"widget\" data-widget_type=\"heading.default\">\n\t\t\t\t<div class=\"elementor-widget-container\">\n\t\t\t\t\t<h5 class=\"elementor-heading-title elementor-size-default\"><a href=\"tel:0242%20326%200715\">Sabit Hat: 0242 326 0715<\/a><\/h5>\t\t\t\t<\/div>\n\t\t\t\t<\/div>\n\t\t\t\t<\/div>\n\t\t<div class=\"elementor-element elementor-element-0594520 e-con-full e-flex e-con e-child\" data-id=\"0594520\" data-element_type=\"container\">\n\t\t\t\t<div class=\"elementor-element elementor-element-aef1eee elementor-widget elementor-widget-heading\" data-id=\"aef1eee\" data-element_type=\"widget\" data-widget_type=\"heading.default\">\n\t\t\t\t<div class=\"elementor-widget-container\">\n\t\t\t\t\t<h5 class=\"elementor-heading-title elementor-size-default\"><a href=\"tel:0532%20132%200715\">Telefon : 0532 132 0715<\/a><\/h5>\t\t\t\t<\/div>\n\t\t\t\t<\/div>\n\t\t\t\t<\/div>\n\t\t\t\t<\/div>\n\t\t<div class=\"elementor-element elementor-element-6c42cd6 e-con-full e-flex e-con e-child\" data-id=\"6c42cd6\" data-element_type=\"container\">\n\t\t\t\t<div class=\"elementor-element elementor-element-312b97a elementor-widget elementor-widget-google_maps\" data-id=\"312b97a\" data-element_type=\"widget\" data-widget_type=\"google_maps.default\">\n\t\t\t\t<div class=\"elementor-widget-container\">\n\t\t\t\t\t\t\t<div class=\"elementor-custom-embed\">\n\t\t\t<iframe loading=\"lazy\"\n\t\t\t\t\tsrc=\"https:\/\/maps.google.com\/maps?q=Antalya&#038;t=m&#038;z=12&#038;output=embed&#038;iwloc=near\"\n\t\t\t\t\ttitle=\"Antalya\"\n\t\t\t\t\taria-label=\"Antalya\"\n\t\t\t><\/iframe>\n\t\t<\/div>\n\t\t\t\t\t\t<\/div>\n\t\t\t\t<\/div>\n\t\t\t\t<\/div>\n\t\t\t\t\t<\/div>\n\t\t\t\t<\/div>\n\t\t\t\t<\/div>\n\t\t","protected":false},"excerpt":{"rendered":"Adres : \u00d6\u011eRETMENEVLER\u0130 MAH. ANADOLU CAD. H\u0130LAL APT. NO: 86 AC 1 Konyaalt\u0131 \/ Antalya Sabit Hat: 0242 326 0715 Telefon : 0532 132 0715","protected":false},"author":1,"featured_media":0,"parent":0,"menu_order":0,"comment_status":"closed","ping_status":"closed","template":"elementor_header_footer","meta":{"footnotes":""},"class_list":["post-19","page","type-page","status-publish","hentry"],"_links":{"self":[{"href":"https:\/\/erbilisitma.com\/index.php?rest_route=\/wp\/v2\/pages\/19","targetHints":{"allow":["GET"]}}],"collection":[{"href":"https:\/\/erbilisitma.com\/index.php?rest_route=\/wp\/v2\/pages"}],"about":[{"href":"https:\/\/erbilisitma.com\/index.php?rest_route=\/wp\/v2\/types\/page"}],"author":[{"embeddable":true,"href":"https:\/\/erbilisitma.com\/index.php?rest_route=\/wp\/v2\/users\/1"}],"replies":[{"embeddable":true,"href":"https:\/\/erbilisitma.com\/index.php?rest_route=%2Fwp%2Fv2%2Fcomments&post=19"}],"version-history":[{"count":9,"href":"https:\/\/erbilisitma.com\/index.php?rest_route=\/wp\/v2\/pages\/19\/revisions"}],"predecessor-version":[{"id":904,"href":"https:\/\/erbilisitma.com\/index.php?rest_route=\/wp\/v2\/pages\/19\/revisions\/904"}],"wp:attachment":[{"href":"https:\/\/erbilisitma.com\/index.php?rest_route=%2Fwp%2Fv2%2Fmedia&parent=19"}],"curies":[{"name":"wp","href":"https:\/\/api.w.org\/{rel}","templated":true}]}}